prime factors of 766.
2, 383
What are the prime factors of 2389?
2389
List the prime factors of 510.
2, 3, 5, 17
List the prime factors of 1822.
2, 911
What are the prime factors of 33364?
2, 19, 439
List the prime factors of 28420.
2, 5, 7, 29
What are the prime factors of 15398?
2, 7699
What are the prime factors of 8841?
3, 7, 421
What are the prime factors of 89848?
2, 11, 1021
What are the prime factors of 56400?
2, 3, 5, 47
List the prime factors of 28082.
2, 19, 739
List the prime factors of 589.
19, 31
List the prime factors of 19487.
13, 1499
What are the prime factors of 72381?
3, 23, 1049
What are the prime factors of 3971?
11, 19
List the prime factors of 5012.
2, 7, 179
What are the prime factors of 574?
2, 7, 41
What are the prime factors of 529?
23
List the prime factors of 5431.
5431
What are the prime factors of 17560?
2, 5, 439
List the prime factors of 7266.
2, 3, 7, 173
What are the prime factors of 26287?
97, 271
List the prime factors of 184733.
184733
List the prime factors of 17138.
2, 11, 19, 41
List the prime factors of 1236.
2, 3, 103
What are the prime factors of 125?
5
List the prime factors of 97650.
2, 3, 5, 7, 31
List the prime factors of 833.
7, 17
List the prime factors of 172.
2, 43
What are the prime factors of 69399?
3, 11, 701
What are the prime factors of 12825?
3, 5, 19
What are the prime factors of 641?
641
What are the prime factors of 15423?
3, 53, 97
What are the prime factors of 15270?
2, 3, 5, 509
List the prime factors of 2134.
2, 11, 97
List the prime factors of 12398.
2, 6199
What are the prime factors of 3424?
2, 107
What are the prime factors of 651?
3, 7, 31
What are the prime factors of 4153?
4153
List the prime factors of 53432.
2, 6679
What are the prime factors of 4146?
2, 3, 691
What are the prime factors of 1007?
19, 53
What are the prime factors of 2607?
3, 11, 79
List the prime factors of 3443.
11, 313
List the prime factors of 42742.
2, 7, 43, 71
What are the prime factors of 3836?
2, 7, 137
List the prime factors of 2238.
2, 3, 373
List the prime factors of 1251.
3, 139
List the prime factors of 16497.
3, 13, 47
List the prime factors of 51208.
2, 37, 173
What are the prime factors of 1151?
1151
What are the prime factors of 2240?
2, 5, 7
List the prime factors of 820.
2, 5, 41
What are the prime factors of 4460?
2, 5, 223
List the prime factors of 15840.
2, 3, 5, 11
List the prime factors of 6855.
3, 5, 457
List the prime factors of 3385.
5, 677
What are the prime factors of 1776?
2, 3, 37
List the prime factors of 7234.
2, 3617
List the prime factors of 29637.
3, 37, 89
What are the prime factors of 375?
3, 5
What are the prime factors of 3058?
2, 11, 139
What are the prime factors of 9453?
3, 23, 137
What are the prime factors of 3263?
13, 251
List the prime factors of 8773.
31, 283
What are the prime factors of 6026?
2, 23, 131
What are the prime factors of 29331?
3, 3259
What are the prime factors of 146?
2, 73
List the prime factors of 815.
5, 163
List the prime factors of 1990.
2, 5, 199
List the prime factors of 68335.
5, 79, 173
What are the prime factors of 1650?
2, 3, 5, 11
What are the prime factors of 44599?
103, 433
What are the prime factors of 2039?
2039
What are the prime factors of 2562?
2, 3, 7, 61
What are the prime factors of 1822?
2, 911
What are the prime factors of 36658?
2, 18329
List the prime factors of 2474.
2, 1237
List the prime factors of 45958.
2, 11, 2089
List the prime factors of 2488.
2, 311
List the prime factors of 3247.
17, 191
List the prime factors of 637.
7, 13
What are the prime factors of 4437?
3, 17, 29
What are the prime factors of 25063?
71, 353
List the prime factors of 9719.
9719
List the prime factors of 2225.
5, 89
What are the prime factors of 27621?
3, 11, 31
List the prime factors of 285.
3, 5, 19
What are the prime factors of 11426?
2, 29, 197
What are the prime factors of 96019?
7, 11, 29, 43
List the prime factors of 1825.
5, 73
List the prime factors of 224.
2, 7
What are the prime factors of 2640?
2, 3, 5, 11
What are the prime factors of 821?
821
List the prime factors of 1123.
1123
What are the prime factors of 15866?
2, 7933
What are the prime factors of 997?
997
List the prime factors of 64076.
2, 83, 193
What are the prime factors of 12756?
2, 3, 1063
What are the prime factors of 28434?
2, 3, 7, 677
What are the prime factors of 29916?
2, 3, 277
What are the prime factors of 1721?
1721
What are the prime factors of 6285?
3, 5, 419
What are the prime factors of 13028?
2, 3257
List the prime factors of 1830.
2, 3, 5, 61
List the prime factors of 14846.
2, 13, 571
What are the prime factors of 1119?
3, 373
List the prime factors of 6177.
3, 29, 71
What are the prime factors of 97443?
3, 401
List the prime factors of 5254.
2, 37, 71
List the prime factors of 659.
659
What are the prime factors of 3554?
2, 1777
What are the prime factors of 802?
2, 401
What are the prime factors of 532?
2, 7, 19
What are the prime factors of 141098?
2, 70549
List the prime factors of 13645.
5, 2729
List the prime factors of 8232.
2, 3, 7
List the prime factors of 335.
5, 67
List the prime factors of 14145.
3, 5, 23, 41
List the prime factors of 2155.
5, 431
What are the prime factors of 718?
2, 359
List the prime factors of 176844.
2, 3, 14737
List the prime factors of 3175.
5, 127
What are the prime factors of 6792?
2, 3, 283
What are the prime factors of 2754?
2, 3, 17
What are the prime factors of 43781?
43781
List the prime factors of 8146.
2, 4073
List the prime factors of 6926.
2, 3463
List the prime factors of 1484.
2, 7, 53
List the prime factors of 513.
3, 19
List the prime factors of 1278.
2, 3, 71
What are the prime factors of 657?
3, 73
What are the prime factors of 240?
2, 3, 5
What are the prime factors of 13802?
2, 67, 103
What are the prime factors of 31804?
2, 7951
What are the prime factors of 7934?
2, 3967
What are the prime factors of 992?
2, 31
What are the prime factors of 6383?
13, 491
What are the prime factors of 19715?
5, 3943
What are the prime factors of 769?
769
What are the prime factors of 5662?
2, 19, 149
List the prime factors of 1714.
2, 857
What are the prime factors of 3226?
2, 1613
List the prime factors of 6496.
2, 7, 29
What are the prime factors of 6526?
2, 13, 251
What are the prime factors of 1026?
2, 3, 19
What are the prime factors of 19421?
19421
List the prime factors of 7324.
2, 1831
What are the prime factors of 119?
7, 17
List the prime factors of 19948.
2, 4987
List the prime factors of 15001.
7, 2143
List the prime factors of 12400.
2, 5, 31
What are the prime factors of 25359?
3, 79, 107
What are the prime factors of 57773?
57773
What are the prime factors of 8570?
2, 5, 857
List the prime factors of 3436.
2, 859
What are the prime factors of 1299?
3, 433
What are the prime factors of 424?
2, 53
What are the prime factors of 68052?
2, 3, 53, 107
What are the prime factors of 44304?
2, 3, 13, 71
What are the prime factors of 23506?
2, 7, 23, 73
What are the prime factors of 453?
3, 151
List the prime factors of 376.
2, 47
What are the prime factors of 2915?
5, 11, 53
List the prime factors of 1372.
2, 7
What are the prime factors of 28175?
5, 7, 23
What are the prime factors of 9741?
3, 17, 191
List the prime factors of 5345.
5, 1069
What are the prime factors of 17422?
2, 31, 281
List the prime factors of 314.
2, 157
What are the prime factors of 57093?
3, 19031
List the prime factors of 3635.
5, 727
List the prime factors of 11827.
11827
What are the prime factors of 861?
3, 7, 41
List the prime factors of 216.
2, 3
What are the prime factors of 574?
2, 7, 41
List the prime factors of 672.
2, 3, 7
List the prime factors of 3761.
3761
What are the prime factors of 34250?
2, 5, 137
List the prime factors of 3869.
53, 73
What are the prime factors of 1949?
1949
What are the prime factors of 11128?
2, 13, 107
List the prime factors of 94461.
3, 23, 37
What are the prime factors of 13?
13
List the prime factors of 192.
2, 3
What are the prime factors of 3779?
3779
What are the prime factors of 2803?
2803
List the prime factors of 6677.
11, 607
List the prime factors of 426.
2, 3, 71
List the prime factors of 146068.
2, 13, 53
List the prime factors of 2712.
2, 3, 113
List the prime factors